0
What is the hundreds digit of 105061630?
6
What is the hundreds digit of 129883482?
4
What is the thousands digit of 1814201278?
1
What is the hundreds digit of 1705236742?
7
What is the ten millions digit of 629324483?
2
What is the hundreds digit of 482801881?
8
What is the thousands digit of 557234789?
4
What is the hundred thousands digit of 789557631?
5
What is the units digit of 852260937?
7
What is the ten thousands digit of 3978830269?
3
What is the units digit of 40875576?
6
What is the units digit of 40610232?
2
What is the millions digit of 575951852?
5
What is the millions digit of 291840080?
1
What is the hundred millions digit of 679189573?
6
What is the millions digit of 144718067?
4
What is the millions digit of 3103232118?
3
What is the tens digit of 67778948?
4
What is the ten thousands digit of 1591460731?
6
What is the hundred thousands digit of 168275510?
2
What is the thousands digit of 661287343?
7
What is the millions digit of 29622573?
9
What is the units digit of 165121442?
2
What is the hundred millions digit of 1172011363?
1
What is the hundred thousands digit of 30146839?
1
What is the thousands digit of 95777655?
7
What is the ten millions digit of 14813931?
1
What is the thousands digit of 4237676489?
6
What is the billions digit of 1678280893?
1
What is the units digit of 123027879?
9
What is the hundreds digit of 10669979?
9
What is the units digit of 48305120?
0
What is the hundred millions digit of 2515192102?
5
What is the ten millions digit of 1030772892?
3
What is the millions digit of 27352597?
7
What is the units digit of 13942496?
6
What is the thousands digit of 29661365?
1
What is the hundred thousands digit of 18402115?
4
What is the thousands digit of 1061210073?
0
What is the ten millions digit of 42611843?
4
What is the hundreds digit of 477013998?
9
What is the hundreds digit of 219619299?
2
What is the ten thousands digit of 51952105?
5
What is the millions digit of 918138352?
8
What is the millions digit of 332233715?
2
What is the units digit of 37539634?
4
What is the millions digit of 164831749?
4
What is the hundreds digit of 49580202?
2
What is the thousands digit of 33845972?
5
What is the millions digit of 112724652?
2
What is the hundreds digit of 463926604?
6
What is the millions digit of 252929695?
2
What is the ten thousands digit of 2061203994?
0
What is the ten millions digit of 222198512?
2
What is the hundred thousands digit of 59272117?
2
What is the thousands digit of 983336201?
6
What is the ten millions digit of 25132926?
2
What is the units digit of 819647971?
1
What is the thousands digit of 2770087180?
7
What is the millions digit of 439260138?
9
What is the tens digit of 1444936937?
3
What is the millions digit of 375078893?
5
What is the ten millions digit of 4508011916?
0
What is the millions digit of 40951524?
0
What is the tens digit of 3875913?
1
What is the billions digit of 1584803990?
1
What is the ten millions digit of 473860576?
7
What is the hundred millions digit of 1067593249?
0
What is the millions digit of 253579772?
3
What is the millions digit of 231905805?
1
What is the tens digit of 555908996?
9
What is the hundreds digit of 250304504?
5
What is the tens digit of 717231022?
2
What is the millions digit of 22768914?
2
What is the hundred millions digit of 471707412?
4
What is the hundred thousands digit of 140388621?
3
What is the millions digit of 34064411?
4
What is the hundreds digit of 472900204?
2
What is the thousands digit of 267568449?
8
What is the billions digit of 5928188383?
5
What is the hundred thousands digit of 976138692?
1
What is the millions digit of 49696484?
9
What is the tens digit of 4706218?
1
What is the thousands digit of 459930481?
0
What is the millions digit of 66206143?
6
What is the ten millions digit of 93395999?
9
What is the millions digit of 235310205?
5
What is the hundreds digit of 156969074?
0
What is the tens digit of 2216363569?
6
What is the ten thousands digit of 86351538?
5
What is the hundred thousands digit of 1070298308?
2
What is the ten thousands digit of 120826165?
2
What is the hundreds digit of 135461486?
4
What is the hundred millions digit of 1906523871?
9
What is the ten millions digit of 64903568?
6
What is the thousands digit of 2094793170?
3
What is the hundred millions digit of 288455331?
2
What is the hundred thousands digit of 59883483?
8
What is the ten millions digit of 59128349?
5
What is the ten millions digit of 475683189?
7
What is the ten millions digit of 125397907?
2
What is the thousands digit of 80365215?
5
What is the billions digit of 6942557797?
6
What is the hundreds digit of 86784921?
9
What is the tens digit of 38987520?
2
What is the tens digit of 298355853?
5
What is the hundred thousands digit of 16123982?
1
What is the hundreds digit of 33994726?
7
What is the units digit of 207700213?
3
What is the hundred thousands digit of 49362669?
3
What is the millions digit of 3763027348?
3
What is the tens digit of 30842898?
9
What is the thousands digit of 274154657?
4
What is the millions digit of 466580071?
6
What is the ten millions digit of 244486387?
4
What is the hundreds digit of 57268723?
7
What is the hundreds digit of 385320521?
5
What is the units digit of 369539554?
4
What is the ten millions digit of 33912945?
3
What is the ten millions digit of 168224742?
6
What is the hundred millions digit of 135840852?
1
What is the hundreds digit of 87370794?
7
What is the hundred thousands digit of 2190870308?
8
What is the hundred thousands digit of 132645393?
6
What is the hundred millions digit of 1786062379?
7
What is the hundred thousands digit of 47520807?
5
What is the hundred thousands digit of 150492?
1
What is the millions digit of 556798994?
6
What is the hundred thousands digit of 232173?
2
What is the thousands digit of 154569619?
9
What is the billions digit of 2049867172?
2
What is the ten thousands digit of 207613338?
1
What is the ten millions digit of 36648039?
3
What is the ten thousands digit of 135916037?
1
What is the ten thousands digit of 124123353?
2
What is the hundreds digit of 204130051?
0
What is the ten millions digit of 2069142743?
6
What is the units digit of 277006388?
8
What is the tens digit of 866026119?
1
What is the millions digit of 82970008?
2
What is the millions digit of 151250349?
1
What is the hundred millions digit of 244605900?
2
What is the tens digit of 452574146?
4
What is the hundred thousands digit of 218266032?
2
What is the hundred thousands digit of 90609983?
6
What is the hundreds digit of 689615366?
3
What is the hundreds digit of 19190228?
2
What is the tens digit of 5070307196?
9
What is the millions digit of 194595525?
4
What is the tens digit of 16773141?
4
What is the hundred millions digit of 146882205?
1
What is the hundred thousands digit of 43968094?
9
What is the units digit of 229976534?
4
What is the thousands digit of 12589509?
9
What is the ten thousands digit of 64805972?
0
What is the tens digit of 87755922?
2
What is the ten thousands digit of 176508887?
0
What is the hundreds digit of 2944756923?
9
What is the hundred thousands digit of 3303461028?
4
What is the units digit of 196873509?
9
What is the ten millions digit of 1141208889?
4
What is the hundred millions digit of 170376299?
1
What is the tens digit of 237811810?
1
What is the ten millions digit of 1128451494?
2
What is the ten thousands digit of 55779799?
7
What is the ten thousands digit of 72792696?
9
What is the tens digit of 123570221?
2
What is the ten millions digit of 164904757?
6
What is the thousands digit of 82369617?
9
What is the millions digit of 400637504?
0
What is the thousands digit of 266950201?
0
What is the units digit of 49162118?
8
What is the ten millions digit of 178012516?
7
What is the tens digit of 30990263?
6
What is the hundreds digit of 291265261?
2
What is the ten millions digit of 1038896634?
3
What is the ten thousands digit of 529971125?
7
What is the tens digit of 2011344497?
9
What is the ten millions digit of 4782254893?
8
What is the hundred millions digit of 769883125?
7
What is the hundred millions digit of 407898499?
4
What is the ten thousands digit of 454291141?
9
What is the units digit of 5707227